= c*o - 2*o. Calculate the highest common divisor of o and 7.
7
Suppose -d = -3*g + 3*d + 64, 4*g + d = 79. Suppose 2*t + 3 = t, -t + 57 = b. Suppose -b + g = -2*v. Calculate the greatest common factor of 2 and v.
2
Suppose -325 = -13*t + 208. Calculate the highest common factor of t and 287.
41
Let n = 757 - -755. What is the greatest common factor of 18 and n?
18
Let m(u) = 2*u - 4. Suppose -14*l + 10*l = 0. Suppose 17*y - 21*y + 20 = l. Let h be m(y). Calculate the highest common factor of h and 30.
6
Suppose -121*d + 125*d = 100. What is the greatest common factor of d and 50?
25
Let b be ((2 + 4)*2)/2. Let k(n) = -13*n - 88. Let y be k(-10). What is the greatest common divisor of y and b?
6
Let q(s) = -19*s**2 + 12*s + 74. Let g(k) = 6*k**2 - 4*k - 25. Let f(c) = -17*g(c) - 6*q(c). Let i be f(-4). What is the greatest common divisor of 27 and i?
27
Suppose -7*q + 3*q + 36 = 0. What is the greatest common factor of q and 1?
1
Let v be (4/5)/((-16)/(-80)). Suppose 9 = 3*o - 0, 118 = v*l + 2*o. Let a = -253 + 365. Calculate the greatest common factor of l and a.
28
Suppose -4*i - 5*p + 129 = -261, 0 = -5*i + 5*p + 465. Suppose -2*u - z = -34, u - 5*z + 0*z = 39. What is the greatest common factor of u and i?
19
Suppose t - 24 = -t. Let b be 36/8*2*t. Let z(q) = 4*q + 107. Let o be z(-20). What is the highest common factor of o and b?
27
Let f(t) = -t**2 - 14*t + 39. Let v be f(-11). What is the greatest common factor of 108 and v?
36
Let m be -3 - -6 - 2 - -11. Suppose -5*v - m = -v. Let p be (-77)/v - 6/9. What is the highest common factor of 25 and p?
25
Suppose -12*w + 17*w - 35 = 0. Let h = 2 + 1. Let y = 11 + h. Calculate the greatest common factor of w and y.
7
Suppose -28 = -3*j + 71. Suppose 3 = 6*y - j. What is the highest common divisor of y and 18?
6
Let d(a) = -131*a + 2. Let f be d(-2). Let p be ((f/(-4))/(-1))/1. Suppose -g = g - p. Calculate the greatest common factor of 22 and g.
11
Suppose 5*p = -3*d - 1, -4*p = -5*d - 10 - 4. Suppose -o + 1 = -p. Suppose z - o = 10. Calculate the highest common factor of 108 and z.
12
Let c be (-3)/(-15) - (-2776)/20. Suppose -37 = 3*m - c. Suppose 0 = -3*n - 2*z + 146, -n - z + 15 + m = 0. Calculate the greatest common factor of 12 and n.
12
Let h(k) = -40*k - 87. Let j be h(-3). Calculate the highest common factor of 11 and j.
11
Suppose -10*t + 3 + 17 = 0. Suppose 3*v - l - l - 45 = 0, -3*l = t*v - 30. What is the greatest common factor of v and 45?
15
Let h be (-26)/(-104) + (659/4 - 2). Suppose 5*q - 404 = -4*m, h = 2*q + 3*m - 0*m. What is the highest common factor of 16 and q?
16
Suppose n + 3*n - 960 = 0. What is the highest common factor of 60 and n?
60
Let c = -11626 - -11802. Suppose 3*u = 4*u - 3. Suppose 3*n + 86 = 2*o + 3*o, u*o = 2*n + 52. Calculate the greatest common factor of c and o.
16
Let h(p) = p**2 - 23*p + 28. Let g be h(0). What is the greatest common divisor of g and 8?
4
Suppose -t + 146 = -4*o, -4*o + 6*o = 4. What is the greatest common factor of t and 88?
22
Let i = 414 + -290. What is the greatest common divisor of 341 and i?
31
Suppose q - 5*q + d - 253 = 0, 0 = 2*q - 3*d + 119. Let h be -1 + 0 + -18 - 1. Let z be (q/h)/(2/10). Calculate the highest common divisor of 4 and z.
4
Suppose -6*b = -3*z - 54, 5*b = -3*z + 5 + 51. Suppose -r - 640 = -5*r. What is the highest common factor of b and r?
10
Let o be 1/(2/98*1). What is the greatest common divisor of o and 98?
49
Suppose -7*t = 5 + 9. Let w be (-1 + t + -3)/(12/(-88)). Calculate the greatest common divisor of 4 and w.
4
Let j = 26 - 95. Let w = 132 + j. What is the greatest common factor of 21 and w?
21
Suppose -3 = -j + 3. Suppose -k + 2 = k, 34 = v + 3*k. Let g = 46 - v. Calculate the highest common divisor of j and g.
3
Suppose 2*l = -2 + 12. Suppose l*y - 990 = 2*y. Let g(n) = 9*n + 3. Let b be g(3). Calculate the highest common divisor of b and y.
30
Let z be ((-20)/8 - -3)*-50. Let f = 38 + z. Let k be ((-44)/6)/((-6)/117). What is the greatest common factor of k and f?
13
Let r be (-106 - -6)/((-2)/1). What is the greatest common divisor of r and 425?
25
Let a = -1 + 8. Suppose 21 + 0 = a*f. Calculate the greatest common factor of f and 3.
3
Let m = -5 - -4. Let y = m - -4. Let d = y + -2. What is the highest common factor of 11 and d?
1
Let y = 53 + 51. Suppose -9*m + 4*m = 0. Suppose -3*f - 3*i = -2*i - 43, 4*f - 2*i - 44 = m. What is the highest common divisor of f and y?
13
Let v be (18 - 22)/(((-21)/(-48))/(-7)). Calculate the greatest common factor of v and 24.
8
Let q be (-20 + 0)*(1 - (-118)/8). Let p be ((-4)/(-3))/((-42)/q). What is the highest common factor of 2 and p?
2
Let x be 243396/252 + 2/14. What is the greatest common divisor of x and 42?
42
Suppose -4*w + 79 = -5*c, -2*w - 3*c + 42 = -3. Calculate the greatest common divisor of 252 and w.
21
Let v = 3 + 2. Let t = v + -49. Let d = 86 + t. What is the highest common factor of 105 and d?
21
Let j(l) = -l**3 + 15*l**2 - 13*l - 61. Let i be j(11). What is the highest common factor of 56 and i?
56
Suppose 6*y + 149 = 1139. Calculate the highest common factor of y and 11.
11
Let f = -654 + 898. Calculate the greatest common factor of 61 and f.
61
Suppose -5*p = -69 - 1236. Let s be (0 - 1) + p/9. Let t be (14/(-5))/(2/(-10)). What is the greatest common divisor of s and t?
14
Let c be (-7)/(-1) + (-8 - -8). Let o(s) = -s**3 - 9*s**2 - 14*s + 29. Let z be o(-8). Calculate the greatest common factor of z and c.
7
Suppose -2*c - 4*n + 12 = 0, -4*c - 2*n - 6 + 18 = 0. What is the highest common divisor of c and 18?
2
Let p be 3549/(-45) - 8/60. Let t = 118 + p. Calculate the greatest common divisor of t and 351.
39
Let l be (-15)/(-5) - (31 + -68). What is the highest common factor of 50 and l?
10
Suppose 3*g = j + 3*j - 352, 5*j - 2*g - 440 = 0. Let s = -45 + j. Calculate the greatest common factor of s and 172.
43
Suppose 64 = 7*o + o. What is the highest common divisor of o and 26?
2
Let f(i) = 63*i - 37. Let q be f(1). What is the highest common divisor of q and 208?
26
Let w(g) be the second derivative of 5*g**3/6 - 11*g**2/2 - g. Let r be w(6). Let m = 368 - 197. Calculate the highest common divisor of m and r.
19
Let f(v) = -v**2 - 38*v - 249. Let a be f(-10). Calculate the highest common factor of 14 and a.
1
Suppose -15*c + 161 = -169. Calculate the greatest common factor of 297 and c.
11
Suppose 3*l = 44 - 5. Let z(p) = -p**3 + 7*p**2 - 10*p + 9. Let j be z(7). Let b = j + 126. What is the highest common divisor of b and l?
13
Suppose 5*p - 140 = -4*o, 4*p - 2*o = 50 + 62. What is the highest common divisor of p and 112?
28
Let r be ((-4)/8)/(2/(-792)). Let y(g) = 26*g**2 - 3*g - 1. Let k be y(1). What is the highest common factor of k and r?
22
Let d be 2/(-13) + (-8910)/(-2145). What is the greatest common factor of 106 and d?
2
Let m be ((-4)/(-4) - 3) + 5. Suppose -9 + 21 = m*i. Let b = 56 - i. Calculate the highest common factor of 13 and b.
13
Let i be ((-6)/(-7))/(5/(-105))*-2. Calculate the greatest common factor of i and 27.
9
Let q(v) = v**2 - 8*v - 18. Let m be q(-2). What is the highest common divisor of 218 and m?
2
Let o(k) = -k + 3. Let u be o(4). Let m be 0/(u/(-1)) + 63. Let d be -1 + 6 + (6 - 2). Calculate the greatest common factor of m and d.
9
Let d be 4/34 - (1 - 4374/102). Calculate the greatest common divisor of 162 and d.
6
Let h be (24/(-15))/(1/(-5)). Suppose 7*f - h = 83. What is the highest common divisor of 26 and f?
13
Let w(y) = -8*y + 70. Let o be w(0). What is the greatest common divisor of o and 315?
35
Suppose 5 = -3*s - 43. Let k be (-15)/6*s/20. Suppose -4*c - 2*n = -268, -3*c - k*n - n + 204 = 0. What is the greatest common divisor of 6 and c?
6
Suppose q - 1 = 4. Suppose -20*z = -24*z + 152. Suppose -z = -q*p + 52. Calculate the greatest common divisor of 27 and p.
9
Let f(z) = -3*z + 0*z + 4*z**2 + 5*z + 5*z. Let d be f(-4). Calculate the greatest common divisor of 396 and d.
36
Let g(b) = -b**2 + 1. Let l be g(-1). Suppose 4*w - 2*w - 30 = -c, l = -3*c + 6. What is the highest common divisor of w and 14?
14
Suppose -245 - 133 = -7*b. Calculate the greatest common divisor of 24 and b.
6
Suppose 2*w = -4*p, -w = -0*w - p. Suppose -4*f - i + 2 - 140 = w, -f - 37 = -i. Let q = -21 - f.